t t be (2 + -3)/(1/4). Suppose -510*z + 519*z = 18. Let x(o) = 27*o**2 + 1 - 2*o**z - 26*o**2 - 4*o. Give x(t).
1
Let o(b) = -132 + b + 61 + 37 + 36. Let q be 1/2*(2 + -16). Determine o(q).
-5
Let c(v) be the first derivative of -v**4/4 - 5*v**3/3 + 5*v**2/2 - 4*v + 2. Let l be (9 - 0) + 1 - (-25 + 23). Let t be 6 + 5/((-5)/l). Calculate c(t).
2
Let t(r) be the second derivative of 4 - 7/6*r**4 - 2*r**3 - 1/20*r**5 + 4*r + 3*r**2. Give t(-13).
-7
Let g(j) = j**3 + j + 1. Let p(w) = -5*w**3 - w**2 - 6*w - 4. Let t(v) = 4*g(v) + p(v). Let h be (-25)/(-10) + 9/(-2). Calculate t(h).
8
Let o(q) = -10*q - 2*q**2 + q + 8*q**2 + 4 - 5*q**2. Let g be o(7). Let x(v) = v**2 + 11*v + 15. Calculate x(g).
5
Suppose 27 = -5*n + 2. Suppose 4*q + 0*t - 3*t - 20 = 0, 0 = -2*q + t + 10. Let y(u) = 4 - q*u + 9*u - 8*u. Calculate y(n).
24
Let x(i) = 35*i + 13. Let p be x(-5). Let m = p + 163. Let s(g) = 11*g**2 - g + 1. Calculate s(m).
11
Let i(g) = -g**3 - 11*g**2 - 18*g + 36. Suppose -41*w + 39*w + b - 17 = 0, -4*w + 5*b = 37. What is i(w)?
-12
Let l = 505 - 480. Suppose l*j = 21*j - 4*u - 28, -9 = 3*j - u. Let t(r) = r + 1. What is t(j)?
-3
Let w(q) be the first derivative of 2*q**2 - 88*q - 5010. What is w(0)?
-88
Let f(n) = 0*n + n**2 + n - 32*n**3 + 6*n**3 + n**2. Suppose -5*q + 3*j = -10, -q + 20 = -4*j + 1. What is f(q)?
27
Let h(u) be the first derivative of -5*u**2/2 + 180*u + 165. Let z be h(35). Let a(q) = q**3 - 6*q**2 - q + 2. Calculate a(z).
-28
Suppose -26*v + 58 = -20. Let t(x) = 1 + 52*x - 67*x + x**2 + 9*x**v + 13*x. Calculate t(1).
9
Let l(r) = 19*r**3 - 2*r**2 + 1. Let i = -65 - -64. Let z be -7*i/4 - 43/(-172). Suppose z = 4*m - 2*m. Give l(m).
18
Suppose 4*f + 2*b = 1830, 4*b - 1153 + 3001 = 4*f. Let u be 102/f + (-65)/9. Let c(d) be the third derivative of -d**5/60 - d**4/4 + d**3/6 + 9*d**2. Give c(u).
-6
Let c(z) = -3*z**3 - 14*z**2 - 6*z + 1. Let w(i) = -i**3 + 2*i**2 + i. Let r(n) = -c(n) - 6*w(n). Give r(-1).
-8
Suppose 10*n = 30*n. Suppose 2*q + 4 = 2*l, -2*l + 4*q = 3*q - 4. Let v(h) = 29*h - l*h**2 - 2 + 0*h**2 - 27*h + n. What is v(2)?
-6
Let g(w) be the second derivative of w**5/20 + 4*w**4/3 - 3*w**3/2 - 6*w**2 - 2*w - 2445. Give g(-16).
132
Let h(p) = -19*p - 59. Let b be h(-3). Suppose -2*k + 12 = 5*r - 14, -32 = -5*r + k. Let s(c) = 4 + 5*c - r*c + c**3 + 2*c**2 - 4. Give s(b).
2
Let i(h) = 6*h + 6. Let w(d) = -104 - 84 + 313 - 6*d - 98. Let z be w(5). Give i(z).
-12
Let x(t) = -4*t**3 - t**2 - 4. Let o be x(2). Let i be 36 + o + -1*1*-7. Let q(c) = 1 + 3 - i - 179*c + 193*c. Give q(-1).
-13
Let n = 3108 + -3108. Let l(i) be the third derivative of 2/3*i**3 - 1/24*i**4 + n + 0*i**5 + 0*i - 1/120*i**6 + 8*i**2. Determine l(0).
4
Let g(r) be the first derivative of -r**4/4 + 7*r**3/3 - 5*r**2/2 + 6*r - 20730. Suppose 21 = 5*p + 1. What is g(p)?
34
Let n be (-1 - 1)*(-117)/18. Suppose 3*c - n*c = -10. Let a(k) = 9*k + 1. Determine a(c).
10
Let h(s) be the first derivative of -s**2/2 - 22*s + 531. Suppose 10*t - 5*t + 45 = 0. Determine h(t).
-13
Let o(k) = -8*k - 3. Let n = -421 + 415. Calculate o(n).
45
Let b(j) = 163*j + 2928. Let n be b(-18). Let v(f) = -f**3 - 5*f**2 - f - 9. Determine v(n).
33
Let y(x) = -54*x**3 - 2*x**2 - 4*x - 2. Let m(i) = -27*i**3 - i**2 - 3*i - 1. Let c(a) = -5*m(a) + 3*y(a). Determine c(1).
-26
Let y(b) be the third derivative of 1/4*b**4 - 7/6*b**3 + 0*b + 20*b**2 - 1/60*b**5 + 0. Determine y(5).
-2
Let d(a) = a**3 + 2*a**2 - 13*a - 13. Let m be d(-4). Let p be (-7)/(-98)*104 - (-4)/m. Let n(g) = -g + 8. What is n(p)?
0
Let v(y) = 20*y**2 - 53154*y - 19*y**2 + 53155*y. Determine v(6).
42
Let s(q) = -4*q - 7. Let o(i) = i + 5. Let v be o(-12). Let u(j) = -13*j - 21. Let y(c) = v*s(c) + 2*u(c). Let g(t) = -30*t + 145. Let l be g(5). Give y(l).
-3
Let v = 20706 - 20712. Let d(x) = -x**2 + 4*x + 7. Let a(n) = 5*n**2 - 15*n - 29. Let i(b) = 2*a(b) + 9*d(b). Determine i(v).
5
Let f = -176 - -181. Suppose f*t - 5*p - 17 = -2*p, 0 = 2*t - 4*p - 18. Let h(m) = -18*m - 1. Calculate h(t).
-19
Let j(u) = -31*u**2 + 93*u + 31. Let w(v) = 7*v**2 - 21*v - 8. Let p(k) = -4*j(k) - 18*w(k). Calculate p(7).
-36
Let x(d) be the second derivative of -d**4/12 + 5*d**3/6 + 3*d**2 + 64*d. Let z be x(6). Let c(l) = l**3 + l**2 - l - 4. Give c(z).
-4
Suppose -76 + 504 = 4*n. Let m = 114 - n. Let f(o) = -o**3 + 6*o**2 + 7*o - 3. Calculate f(m).
-3
Let w(i) be the second derivative of -i**4/6 - 9*i**3/2 + 61*i**2/2 - 117*i. Let x(q) be the first derivative of w(q). Give x(-7).
1
Let w(z) = -5*z + 54. Let t be w(11). Let c be (-3 + 2)*4 + t*2. Let x(u) = -u**3 - 5*u**2 + 5*u - 1. Calculate x(c).
5
Let g(q) = -67*q + 1011. Let w(b) = -22*b + 336. Let r(f) = -3*g(f) + 8*w(f). Let s be r(14). Let d(j) = -2*j**2 + 4*j - 1. Give d(s).
-31
Let v(k) = k**3 - 7*k**2 - 7*k. Let x be (-20 - -5 - -13) + 10. Calculate v(x).
8
Let h(j) = 14*j + 21. Suppose 16*d = 367 - 399. What is h(d)?
-7
Let r(j) = -4*j**3 - 5*j**2 - 10*j + 56 + 10*j - 51. Let m(c) = -c**3 + 1. Let k(z) = -5*m(z) + r(z). Let y(g) = 2*g**2 - 15*g + 11. Let u be y(7). Give k(u).
-16
Let n be (284/(-32) - -9) + 110/16. Let m(j) = j**3 - 8*j**2 + 6*j - 14. What is m(n)?
-21
Let p(w) = w**3 - w**2 - w - 1. Let i = -45 - -50. Suppose 5*j - 4 = -4*u + 15, i*j - 3*u - 12 = 0. Suppose -4*v + 13 = 5*z, 5*z + 5 = -j*v + 8*v. What is p(v)?
1
Let a(s) = 2*s + 10. Suppose 2*z - 4*c - 3 = -27, 3*c = -2*z + 11. Determine a(z).
6
Suppose 76*x = 69*x + 2261. Let q = -330 + x. Let w(i) = -2*i**3 + 7 + 2*i**3 + i - 7*i**2 - i**3. Calculate w(q).
0
Let s(p) = -p**2 + 7*p - 6. Let o be (1 - 48/(-9))*-3. Let b = 47 + o. Suppose 7*h - b = 3*h. What is s(h)?
-6
Let c(y) = 4*y**3 - 16*y**2 - 4*y - 28. Let j(l) = -l**3 + 2*l**2 + l + 12. Let g(b) = c(b) + 3*j(b). Suppose 22 = 5*i - 28. Give g(i).
-2
Suppose 0*z = 2*z - 16. Suppose -60 = 2*f - 17*f. Let c(l) = 13*l - 11. Let i(j) = 11*j - 9. Let u(b) = f*c(b) - 5*i(b). Calculate u(z).
-23
Let v(c) = -4*c**3 + 3*c**3 - c - 9*c**2 + c**2 + 3*c**2 + 0*c**2. Calculate v(-4).
-12
Let d(y) = -2*y + 19. Let n be d(7). Let x(p) be the first derivative of -p**4/4 + 5*p**3/3 + 5*p**2/2 - 4*p - 144. Give x(n).
21
Let f(b) be the second derivative of -b**4/2 + 16*b**3/3 + 31*b**2/2 + 61*b - 38. Calculate f(6).
7
Let r(f) = f**2 + 5*f - 5. Let p(o) = -4*o**2 + 11*o - 10. Let j(d) = -11*d**2 + 32*d - 29. Let t(s) = -6*j(s) + 17*p(s). Let u(g) = 3*r(g) + 2*t(g). Give u(5).
-7
Let i = 519 - 517. Suppose 6 = q + 3*z + i*z, 2*q = -5*z + 7. Let h(k) = 2*k**2 - 2*k + 2. Determine h(q).
2
Let s(z) = 170569*z + z**3 - 170368*z - 3 + 51 + 54*z**2. Determine s(-50).
-2
Let t(n) = 5*n + 4. Let o be t(6). Let g = -34 + o. Suppose 5*r - 4*i = -g*r - 35, 4*i = 20. Let x(h) = -h**2 + 3. What is x(r)?
-6
Let v(s) = 2*s + 5. Let l = 623 + -639. Give v(l).
-27
Let r(s) be the first derivative of 11*s**2 + 4*s - 1705. Give r(3).
70
Let f(v) = 10*v - 197. Suppose -g - 399*h + 396*h + 26 = 0, h = -4*g + 82. What is f(g)?
3
Let v(u) be the third derivative of u**4/24 + 2*u**3/3 + 13*u**2. Suppose 3*x = 6, 2*x = 2*c - 7*c + 29. Suppose -m + 20 = -c*m. Determine v(m).
-1
Let y(k) = -106 + 217 - 2*k - 114. Let g(m) = -5*m - 6. Suppose 5*t - 2 + 7 = -d, -t = -4*d + 22. Let p(n) = d*y(n) - 3*g(n). Determine p(3).
18
Let w be (0 + 1)*(-4 + -1). Let r(j) = 1 - 2 - 4 - 942189109*j + 942189108*j. Give r(w).
0
Let q(x) = x**3 - 27*x**2 + 49*x + 21. Let b be q(25). Let a(r) = 4*r**2 - 9*r + 4. Let g(c) = -3*c**2 + 8*c - 3. Let t(k) = b*a(k) - 5*g(k). Give t(-4).
-1
Let k(r) = 116*r**2 - 7 - 400*r**2 + 166*r**2 - 9*r + 116*r**2. Determine k(-6).
-25
Let g(i) = -2*i**2 - i**3 + 21934834*i + 1 - 21934834*i. Determine g(-2).
1
Let f(t) = t**3 - 41*t**2 + 42*t - 102. Let w be f(40). Let g(r) = -2*r**2 - 46*r - 44. What is g(w)?
0
Let h(w) = -w + 10. Suppose -19 = -7*d + 23. Suppose 0*m - d = -2*m. Suppose -v + 14 = 4*g, -5*v = g + m*g - 38. Calculate h(v).
4
Suppose 0*a = 2*a - j - 11, -a - j = -4. Let m(c) = 8*c + 6*c - 17*c + a. Let i be 68/(-18) + (-6)/27. Give m(i).
17
Let x = 20 - -45. Let s be x/(-52)*(-4)/1. Suppose -s*l + 4*f + 16 = -3*l, 5*l + 2*f = -20. Let g(a) = -9*a - 2. Calculate g(l).
16
Let a(m) = -m**3 + 5*m**2 + 14*m + 4. Let l = -9582 + 9589. What is a(l)?
4
Let i(f) = -17*f + 